611. Is r prime?
False
Let a = -49 - -50. Let o be 19944 - a*1/(-1). Suppose -l - o = -6*l. Is l a composite number?
False
Suppose -3*s = 15, 681*j - 680*j - 13479 = -4*s. Is j a composite number?
False
Let r = 150 - 147. Let w(d) = 74*d + 1. Is w(r) a prime number?
True
Let v(z) = -z + 25. Let s be v(12). Let k(f) = -f + 16. Let r be k(s). Suppose -r*u - b = -666, 0*u + 5*b = -u + 208. Is u a composite number?
False
Is ((-441)/(-36) - 11)*120844 a prime number?
False
Let z(v) = 293*v**2 - 6*v - 22. Let o be z(-8). Let a = o - 9917. Is a prime?
True
Let w = -342 + 346. Suppose 10749 = 3*b - w*p, -b - 2*p - 1661 = -5234. Is b composite?
True
Let d(p) = -p**2 - p + 12. Let g be d(6). Let l = g - -32. Suppose -l*s + s = -127. Is s composite?
False
Let w(m) = -21*m + 128. Let a be w(6). Suppose -a*s + 4*p = -14902, -11*s + 22318 = -8*s + p. Is s composite?
True
Suppose 0 = 4*k - 5*t - 18838 - 10121, -29004 = -4*k - 4*t. Let b = k + -3608. Let l = b + -1456. Is l a prime number?
False
Let f(r) = 377555*r**2 + 22*r - 69. Let j be f(7). Is (-1)/7 + j/644 a prime number?
False
Let j(d) = 360*d + 316*d - 109*d - 76. Is j(9) prime?
False
Let u(j) = -125*j + 316. Suppose -158 = 12*h + 94. Is u(h) a prime number?
False
Suppose -3*b + 32041 = -421658. Is b a prime number?
False
Let q(j) = -j**3 - 5*j**2 - 4*j + 1. Let u(t) = t**3 + 12*t**2 + 10*t - 15. Let l be u(-11). Let g be q(l). Is (-6)/((-30)/5435)*g prime?
True
Let t(w) = 1863*w - 3560. Is t(43) a composite number?
True
Let y(n) = -8911*n - 8623. Is y(-42) a prime number?
True
Let f(b) = -3 + 8*b + 9 + 69*b**2 - 8 - 14. Is f(3) prime?
False
Let n(k) = k**2 + 23*k + 44. Let w be n(-21). Suppose f - 48 = -2*x, w*x + 180 = 5*f - 0*x. Suppose f*l - 40*l + 634 = 0. Is l composite?
False
Let p = -2488 - -2634. Suppose -4*q = 14 - 434. Let b = p + q. Is b a composite number?
False
Let k = -7944 - -38021. Is k composite?
True
Let c = 187 + -142. Is c/(-105) + (-8354)/(-7) a composite number?
False
Suppose -2*c = -4*f + 22, -3*f + 8*f - 25 = 0. Is (26570/80*-4)/(c/2) a prime number?
True
Suppose -2*r - 54 = 4*u, 27 = -0*r - r + 4*u. Let c be -1*(4/3)/((-18)/r). Is 0 + c + (4 - (-268 + -1)) a prime number?
True
Let x be -13 + (0/19)/(1*2). Is ((429611/14)/x)/((-2)/20) composite?
True
Let k(t) = -265*t**3 - t**2 - 7*t - 69. Is k(-12) a prime number?
False
Suppose -4*z = -71 + 55. Is 190/270*453 - z/(-18) prime?
False
Let p(j) = 597*j + 220. Let q be p(-6). Let f = 7689 + q. Is f a composite number?
False
Suppose -3*d = -x - 17, 2*x - 3*d + 31 - 12 = 0. Is (258647/95)/(x/(-10)) a prime number?
True
Let r = 912 + -365. Suppose -3*u - r = -2*p + 4*p, -5*u - p = 907. Let k = u - -498. Is k a composite number?
False
Let k(c) = 10759*c + 3883. Is k(10) prime?
False
Is 71401 - (-4)/(180/(-72)*8/(-10)) a composite number?
True
Suppose 4*g + 5*q = 228466, 0 = -2*g - 3*q + 7*q + 114220. Suppose g = 6*o + 4656. Is o prime?
False
Is 9/(-3) - ((-1)/(-2) + (-8416715)/38) composite?
False
Suppose 0 = p + i + 1, 4*i + 17 + 1 = 3*p. Is 3 + 20/(-20) + 8574/p prime?
True
Let a(m) be the second derivative of -569*m**5/10 - m**4/6 - 7*m**3/3 - 11*m**2/2 - 84*m. Is a(-2) composite?
True
Let z(r) = -4*r - 2. Let h be z(-13). Let d = h - 52. Is d/(-3) - (-19236)/36 a prime number?
False
Let l be (-9590)/630 - (-2)/9. Let o(b) = -39*b - 4 - 5 - 3. Is o(l) a prime number?
False
Suppose 807436 = 18*d + 95698. Is d a composite number?
False
Suppose -m = -3*f + 1064 + 26460, -3*f - 3*m + 27504 = 0. Is f prime?
True
Let r(f) be the first derivative of 2*f**3 + f**2/2 - 3*f - 585. Let h = 0 + 4. Is r(h) composite?
False
Suppose -5*i = -3*g - 13132, i - 3*i - 2*g = -5256. Suppose -4*v = -2*t + 2630, -2*t - v + 2*v = -i. Is t a composite number?
True
Let q(s) = 2*s**3 + 9*s**2 + 10*s - 27. Let o = 14 + -6. Let c be q(o). Suppose 3*h - c = -y + h, -4*y - 2*h = -6582. Is y a prime number?
False
Let p(t) = -8*t - 2. Let o be p(-1). Suppose 3*u = o*u - 2*a - 31, 0 = -3*u + a + 26. Suppose -3*q - 3668 = -u*q. Is q a prime number?
False
Let n = 501 + -506. Let b = -10 - -14. Is n/(b - 9)*(140 + -1) composite?
False
Let u = 10 + -7. Suppose -w - 135 = 3*m - 146, -2*m + 12 = -4*w. Suppose 320 = m*y + 2*k, u*k + k - 8 = 0. Is y a composite number?
False
Suppose 19*d = 12*d + 35. Suppose -d*z + 7852 = -3903. Suppose -m = -3*p + 373 - 951, -4*m = p - z. Is m composite?
False
Let w(o) = 330*o**2 - 8*o - 7. Suppose -4 + 16 = 4*t. Is w(t) a prime number?
True
Let k(o) = 603*o**2 - 40*o + 72. Is k(11) a composite number?
True
Let r = -268 - -245. Is (2531 - r)/(6/2 + -1) a composite number?
False
Suppose 61 = 26*p - 43. Suppose r - 7826 = -a - 2*a, 3*a + 31259 = p*r. Is r composite?
False
Let f be (2552/(-12))/1*(-90)/(-10). Let m = 245 - f. Is m prime?
False
Let o(v) = 49*v**2 - 113*v - 73. Is o(35) composite?
False
Let v be (-252)/(-56) - (0 - 6/(-4)). Suppose -2*k + 5*i + 1368 = 0, -4*k + 2758 = -2*i + v*i. Is k composite?
True
Let x be (-7)/3 + (-3)/(-9). Suppose -638 - 535 = 3*v - 3*y, 0 = v - 2*y + 391. Is (-1 + 3)*(v/x)/1 a prime number?
False
Is 2/((-4)/285074)*(5 - (10 - 0)) a composite number?
True
Suppose -3*x - 19*x + 220 = 0. Suppose 14*h - x*h = 4*w - 25824, -4*h = -w + 6453. Is w prime?
False
Is ((4*-1)/(-12) + 0)/(82/265346178) a prime number?
True
Let o(k) = -60146*k - 321. Is o(-2) composite?
False
Let s(h) = -427*h**3 - 2*h**2 + 11*h + 23. Let g be s(-2). Let a be -2*(2 + 0 - -842). Let p = g + a. Is p composite?
False
Let u(n) = 37*n**2 + 47*n + 795. Is u(-19) a prime number?
True
Let q = 338341 - 166848. Is q prime?
False
Let o = -244282 - -472959. Is o a composite number?
False
Let l = -82 + 12971. Is l composite?
False
Suppose -2*v = 2*v + 2584. Let g be 6*7/(-126)*(1 - -446). Let f = g - v. Is f a prime number?
False
Suppose 350*o + 159930252 = 197*o + 189*o. Is o prime?
True
Suppose -4*k - 25993 = -g, 10*k - 12*k - 25995 = -g. Is g a composite number?
False
Let c(d) = -14*d + 256. Let t be c(18). Suppose -2*b + 24578 = t*o, 39*b = 34*b + 4*o + 61487. Is b a prime number?
False
Let x(w) = 9*w**3 - 22*w**2 + 105*w + 13. Is x(9) composite?
False
Let p be 22 - (4 - 0 - 8). Is (p - -8280) + (-3)/(-1 - 0) a prime number?
False
Let q = -425846 + 687123. Is q prime?
False
Let o(r) = 68*r**2 + 12*r - 69. Let p be o(-9). Suppose p - 70996 = -5*s. Is s a prime number?
False
Let w be (-1 + 0)*(2 + 18/(-6)). Let z be w*2 - (-5)/5. Suppose 4490 = z*l + 7*l. Is l a composite number?
False
Suppose 3*t + 927 = 2631. Let u(b) = b**2 - 25*b + 160. Let r be u(13). Suppose -2*w = -3*k + t + 1555, w = r*k - 2829. Is k a composite number?
True
Suppose 4396772 + 2016017 = 97*v - 3529032. Is v composite?
True
Let m = -27699 - -44454. Suppose 7*b - m = -8*b. Is b a composite number?
False
Is 33/198 + (-1514674)/(-12) a prime number?
True
Let q(c) = 1586*c**3 + 16*c**2 + 11. Is q(5) a prime number?
False
Suppose -3*r = 3*i + 95654 + 56287, 4*r = -4. Is (-2)/16 + 0 + i/(-48) composite?
True
Let d(b) = 2*b**2 + 5*b - 5. Let g be d(1). Suppose -4*y + q + 4*q = -282, -g*y + 138 = -q. Let n = 137 + y. Is n a composite number?
True
Let m be 0 - (-12)/3 - 1. Is 3/(-12)*-5438 + m/2 a prime number?
True
Let k(q) = 548*q + 3. Suppose 3*j - u + 14 = -14, -4*j - 3*u = 46. Let w = -9 - j. Is k(w) a prime number?
False
Suppose -6111 - 2543 = -l. Suppose 121*f + l = 123*f. Is f composite?
False
Let u = 1423277 + -138814. Is u a prime number?
False
Suppose 0 = 2*d - n + 3*n + 10, 3*d + 9 = -5*n. Let c(g) = 6*g**2 - 55*g + 15. Is c(d) prime?
True
Let m = -247 - -17. Let w be (m + 0)*33/(-22). Is 1 - 4 - (11 - w) a composite number?
False
Suppose -2*a + 3*c = -12905, 3*c + 3 = -0. Let q = 9473 - a. Is q prime?
False
Let l be 776 + 2 - 0/(-8) - 1. Suppose -780*k + 26997 = -l*k. Is k a prime number?
True
Let u be (195/20 + -9)*4. Let m be 6*((-2)/3)/(-1). Suppose o + m*o - 656 = u*h, -148 = -o - 5*h. Is o prime?
False
Let v(r) = 8 + 71*r - 146*r + 74*r. Suppose -5 - 5 = -5*a. Is v(a) composite?
True
Suppose -4*k - 111281 = 28*k - 308817. Is k prime?
True
Suppose -2*t + 7*t = 20. Let l be t/(-6) + 760/(-12). Let k = 127 - l. Is k composite?
False
Let a(w) = 19315*w - 1784. Is a(15) prime?
False
Let b = 490 - 496. Is 1832/b*(-1173)/68 prime?
False
Let v = 269603 - 124042. Is 